{"id":34,"date":"2024-03-25T10:33:49","date_gmt":"2024-03-25T09:33:49","guid":{"rendered":"https:\/\/gmalinova.eleves.mediamatique.ch\/bricks\/?post_type=product&#038;p=34"},"modified":"2024-04-13T15:02:40","modified_gmt":"2024-04-13T13:02:40","slug":"bananes-1-kg","status":"publish","type":"product","link":"https:\/\/gmalinova.eleves.mediamatique.ch\/bricks\/produit\/bananes-1-kg\/","title":{"rendered":"Bananes 1 kg"},"content":{"rendered":"","protected":false},"excerpt":{"rendered":"<p>Savourez la douceur exotique de nos bananes m\u00fbries \u00e0 la perfection. Ces fruits jaunes et d\u00e9licieusement sucr\u00e9s sont riches en nutriments essentiels tels que les vitamines, les min\u00e9raux et les fibres. Ajoutez une touche de vitalit\u00e9 \u00e0 vos smoothies, desserts ou collations avec nos bananes de qualit\u00e9 sup\u00e9rieure. Profitez de leur texture cr\u00e9meuse et de leur go\u00fbt savoureux pour une exp\u00e9rience gustative rafra\u00eechissante et saine.<\/p>\n","protected":false},"featured_media":190,"comment_status":"open","ping_status":"closed","template":"","meta":[],"product_cat":[25],"product_tag":[],"class_list":{"0":"post-34","1":"product","2":"type-product","3":"status-publish","4":"has-post-thumbnail","6":"product_cat-fruits","8":"first","9":"instock","10":"shipping-taxable","11":"purchasable","12":"product-type-variable","13":"has-default-attributes"},"_links":{"self":[{"href":"https:\/\/gmalinova.eleves.mediamatique.ch\/bricks\/wp-json\/wp\/v2\/product\/34","targetHints":{"allow":["GET"]}}],"collection":[{"href":"https:\/\/gmalinova.eleves.mediamatique.ch\/bricks\/wp-json\/wp\/v2\/product"}],"about":[{"href":"https:\/\/gmalinova.eleves.mediamatique.ch\/bricks\/wp-json\/wp\/v2\/types\/product"}],"replies":[{"embeddable":true,"href":"https:\/\/gmalinova.eleves.mediamatique.ch\/bricks\/wp-json\/wp\/v2\/comments?post=34"}],"wp:featuredmedia":[{"embeddable":true,"href":"https:\/\/gmalinova.eleves.mediamatique.ch\/bricks\/wp-json\/wp\/v2\/media\/190"}],"wp:attachment":[{"href":"https:\/\/gmalinova.eleves.mediamatique.ch\/bricks\/wp-json\/wp\/v2\/media?parent=34"}],"wp:term":[{"taxonomy":"product_cat","embeddable":true,"href":"https:\/\/gmalinova.eleves.mediamatique.ch\/bricks\/wp-json\/wp\/v2\/product_cat?post=34"},{"taxonomy":"product_tag","embeddable":true,"href":"https:\/\/gmalinova.eleves.mediamatique.ch\/bricks\/wp-json\/wp\/v2\/product_tag?post=34"}],"curies":[{"name":"wp","href":"https:\/\/api.w.org\/{rel}","templated":true}]}}