{"id":173,"date":"2024-04-13T13:56:53","date_gmt":"2024-04-13T11:56:53","guid":{"rendered":"https:\/\/gmalinova.eleves.mediamatique.ch\/bricks\/?post_type=product&#038;p=173"},"modified":"2024-04-13T14:04:37","modified_gmt":"2024-04-13T12:04:37","slug":"basilic-20g","status":"publish","type":"product","link":"https:\/\/gmalinova.eleves.mediamatique.ch\/bricks\/produit\/basilic-20g\/","title":{"rendered":"Basilic 20g"},"content":{"rendered":"<p>Le basilic \u2013 une herbe aromatique polyvalente au parfum envo\u00fbtant. Parfait pour rehausser la saveur de vos plats, le basilic frais est un incontournable en cuisine. Profitez de ses bienfaits pour la sant\u00e9 et ajoutez une note de fra\u00eecheur \u00e0 vos recettes avec cette herbe d\u00e9licieuse.<\/p>\n","protected":false},"excerpt":{"rendered":"<p>Le basilic \u2013 une herbe aromatique polyvalente au parfum envo\u00fbtant. Parfait pour rehausser la saveur de vos plats, le basilic frais est un incontournable en cuisine. Profitez de ses bienfaits pour la sant\u00e9 et ajoutez une note de fra\u00eecheur \u00e0 vos recettes avec cette herbe d\u00e9licieuse.<\/p>\n","protected":false},"featured_media":174,"comment_status":"open","ping_status":"closed","template":"","meta":[],"product_cat":[23],"product_tag":[],"class_list":{"0":"post-173","1":"product","2":"type-product","3":"status-publish","4":"has-post-thumbnail","6":"product_cat-herbes-aromatiques","8":"first","9":"outofstock","10":"shipping-taxable","11":"purchasable","12":"product-type-variable","13":"has-default-attributes"},"_links":{"self":[{"href":"https:\/\/gmalinova.eleves.mediamatique.ch\/bricks\/wp-json\/wp\/v2\/product\/173","targetHints":{"allow":["GET"]}}],"collection":[{"href":"https:\/\/gmalinova.eleves.mediamatique.ch\/bricks\/wp-json\/wp\/v2\/product"}],"about":[{"href":"https:\/\/gmalinova.eleves.mediamatique.ch\/bricks\/wp-json\/wp\/v2\/types\/product"}],"replies":[{"embeddable":true,"href":"https:\/\/gmalinova.eleves.mediamatique.ch\/bricks\/wp-json\/wp\/v2\/comments?post=173"}],"wp:featuredmedia":[{"embeddable":true,"href":"https:\/\/gmalinova.eleves.mediamatique.ch\/bricks\/wp-json\/wp\/v2\/media\/174"}],"wp:attachment":[{"href":"https:\/\/gmalinova.eleves.mediamatique.ch\/bricks\/wp-json\/wp\/v2\/media?parent=173"}],"wp:term":[{"taxonomy":"product_cat","embeddable":true,"href":"https:\/\/gmalinova.eleves.mediamatique.ch\/bricks\/wp-json\/wp\/v2\/product_cat?post=173"},{"taxonomy":"product_tag","embeddable":true,"href":"https:\/\/gmalinova.eleves.mediamatique.ch\/bricks\/wp-json\/wp\/v2\/product_tag?post=173"}],"curies":[{"name":"wp","href":"https:\/\/api.w.org\/{rel}","templated":true}]}}